{"id":242,"date":"2022-01-27T00:12:28","date_gmt":"2022-01-27T00:12:28","guid":{"rendered":"https:\/\/webhostperu.net\/?page_id=242"},"modified":"2022-01-27T00:14:02","modified_gmt":"2022-01-27T00:14:02","slug":"terminos-y-condiciones","status":"publish","type":"page","link":"https:\/\/webhostperu.net\/?page_id=242","title":{"rendered":"T\u00e9rminos y condiciones"},"content":{"rendered":"<p>[et_pb_section fb_built=\u00bb1&#8243; next_background_color=\u00bb#ffffff\u00bb _builder_version=\u00bb4.3.4&#8243; background_color=\u00bbrgba(0,0,0,0.5)\u00bb background_image=\u00bbhttps:\/\/webhostperu.net\/wp-content\/uploads\/2020\/03\/webhostperu-pages.jpg\u00bb background_blend=\u00bboverlay\u00bb bottom_divider_style=\u00bbwave\u00bb global_colors_info=\u00bb{}\u00bb locked=\u00bboff\u00bb theme_builder_area=\u00bbpost_content\u00bb][et_pb_row _builder_version=\u00bb4.3.4&#8243; global_colors_info=\u00bb{}\u00bb theme_builder_area=\u00bbpost_content\u00bb][et_pb_column type=\u00bb4_4&#8243; _builder_version=\u00bb4.3.4&#8243; global_colors_info=\u00bb{}\u00bb theme_builder_area=\u00bbpost_content\u00bb][et_pb_text _builder_version=\u00bb4.14.7&#8243; header_font=\u00bbDosis|700||on|||||\u00bb header_text_align=\u00bbcenter\u00bb header_text_color=\u00bb#ffffff\u00bb header_font_size=\u00bb48px\u00bb header_line_height=\u00bb1.7em\u00bb hover_enabled=\u00bb0&#8243; header_text_shadow_style=\u00bbpreset1&#8243; global_colors_info=\u00bb{}\u00bb theme_builder_area=\u00bbpost_content\u00bb sticky_enabled=\u00bb0&#8243;]<\/p>\n<h1>T\u00c9RMINOS Y CONDICIONES DEL SERVICIO<\/h1>\n<p>[\/et_pb_text][\/et_pb_column][\/et_pb_row][\/et_pb_section][et_pb_section fb_built=\u00bb1&#8243; theme_builder_area=\u00bbpost_content\u00bb _builder_version=\u00bb4.14.7&#8243; _module_preset=\u00bbdefault\u00bb][et_pb_row _builder_version=\u00bb4.14.7&#8243; _module_preset=\u00bbdefault\u00bb theme_builder_area=\u00bbpost_content\u00bb][et_pb_column _builder_version=\u00bb4.14.7&#8243; _module_preset=\u00bbdefault\u00bb type=\u00bb4_4&#8243; theme_builder_area=\u00bbpost_content\u00bb][et_pb_text _builder_version=\u00bb4.14.7&#8243; _module_preset=\u00bbdefault\u00bb theme_builder_area=\u00bbpost_content\u00bb hover_enabled=\u00bb0&#8243; sticky_enabled=\u00bb0&#8243;]<\/p>\n<p>La sola contrataci\u00f3n por parte de toda persona u organizaci\u00f3n de los servicios ofrecidos por Aynisoft implica la plena aceptaci\u00f3n de las siguientes condiciones:<\/p>\n<h3><strong>Denegaci\u00f3n del servicio<\/strong><\/h3>\n<p>Aynisoft se reserva el derecho a denegar o cancelar los servicios contratados por el usuario con o sin notificaci\u00f3n previa si el mismo incurre en cualquier conducta o actividad que resulte violatoria de alguno de los t\u00e9rminos y condiciones estipulados en el presente contrato, como as\u00ed tambi\u00e9n cualquier otra violaci\u00f3n a leyes regionales, nacionales y\/o internacionales vigentes, o por cualquier otro motivo que se considere suficiente raz\u00f3n, responsabiliz\u00e1ndose el usuario del servicio de las consecuencias que pudieren resultar de la cancelaci\u00f3n del mismo.<br \/>Aynisoft se reserva el derecho de aceptar o rechazar las solicitudes de servicio ya que la activaci\u00f3n de un servicio supone el acceso sobre una red de uso privado y propiedad de la empresa.<\/p>\n<h3><strong>Responsabilidades del usuario<\/strong><\/h3>\n<p>El usuario ser\u00e1 absolutamente responsable por los contenidos incorporados en sus sitios, y por las consecuencias que estos contenidos puedan traer al servidor, al dominio, a Aynisoft y\/o a terceras personas, debi\u00e9ndose hacer cargo y responsable de los costos surgidos de las acciones requeridas para la suspensi\u00f3n de las causas del da\u00f1o y cualquier otro costo o indemnizaci\u00f3n fijada por la justicia en caso de intervenir.<br \/>Aynisoft considera como usuario y \u00fanico responsable al titular del servicio. En el caso de que el usuario contrate servicios de reventa, ser\u00e1 el titular el \u00fanico responsable por todos los sitios o dominios que trabajen a trav\u00e9s de su cuenta en los equipos y redes de Aynisoft y por sus consecuencias, desconociendo el accionar o posible responsabilidad de terceras personas.<\/p>\n<h3><strong>Abuso de los recursos<\/strong><\/h3>\n<p>El usuario debe asegurar que la utilizaci\u00f3n del servicio que brinda Aynisoft no genere problemas sobre el funcionamiento del servidor, trayendo aparejado problemas en el rendimiento de los equipos de la red de Aynisoft y conflictos a terceros.<br \/>Aynisoft se reserva el derecho a denegar, cancelar o suspender moment\u00e1neamente o en forma definitiva los servicios contratados por el usuario con o sin notificaci\u00f3n previa si el sitio o los sitios del mismo afectan al normal funcionamiento de los servidores y perjudicando directamente a la empresa como a terceros.<br \/>Aynisoft se reserva el derecho de imponer restricciones a los procesos de CPU, y\/o l\u00edmites a la capacidad de proceso de la cuenta del Cliente, para prevenir la interrupci\u00f3n del servicio a otros clientes.<br \/>No puede usar ninguna de nuestras cuentas (a Excepcion de VPS y Servidores Dedicados) para almacenar informaci\u00f3n de otras cuentas, hacer backups, guardar backups de DVD, MP3 o cualquier otro archivo mayor a 150 MB, y pueden contener hasta un limite de 150 000 archivos.<br \/>Los usuarios de nuestros Planes Personales e Ilimitados no pueden enviar mas de 1000 correos por hora por cuenta. Los usuarios de nuestros Planes Empresariales no pueden enviar mas de 2000 correos por hora. Los correos enviados por encima de esas cantidades seran descartados por nuestro servidor. Otras cuentas como los VPS o los servidores Dedicados estas excentos de este limite.<\/p>\n<h3><strong>Contenidos<\/strong><\/h3>\n<p>Los servicios contratados con Aynisoft deben ser utilizados exclusivamente con fines l\u00edcitos. Queda estrictamente prohibido el uso de cualquiera de los servicios contratados con fines que violen cualquier ley local, provincial, nacional o internacional o simplemente afecten la moral y las buenas costumbres o sean ofensivos para cualquier persona o grupo de personas.<\/p>\n<p>Mientras utilice los servicios contratados con Aynisoft, el usuario no podr\u00e1:<\/p>\n<ul>\n<li>Divulgar o transmitir informaci\u00f3n ilegal, abusiva, difamatoria, racista, ofensiva, o cualquier otro tipo de informaci\u00f3n susceptible de objeci\u00f3n, ya sea mediante fotograf\u00edas, textos, banners publicitarios o enlaces a p\u00e1ginas externas.<\/li>\n<li>Publicar, transmitir, reproducir, distribuir o explotar cualquier informaci\u00f3n o software que contenga virus o cualquier otro componente da\u00f1ino.<\/li>\n<li>Publicar, transmitir, reproducir, distribuir o explotar software u otro material que no sea original (pirateado).<\/li>\n<li>Publicar, transmitir, reproducir, distribuir o explotar material que pueda infringir derechos de propiedad intelectual.<\/li>\n<li>Publicar sitios que tengan como objetivo la obtenci\u00f3n ilegal de claves de acceso a cuentas de email o cuentas bancarias.<\/li>\n<li>Publicar o facilitar material o recursos sobre hacking, cracking, o cualquier otra informaci\u00f3n que Aynisoft considere inapropiada.<\/li>\n<li>Publicar, transmitir, reproducir, distribuir o explotar material que contenga pornograf\u00eda infantil o cualquier mercadotecnia relacionada.<\/li>\n<li>Cualquier uso del servicio para fines il\u00edcitos autorizar\u00e1 a Aynisoft a suspender los servicios contratados sin previo aviso.<\/li>\n<\/ul>\n<h3><strong>Distribuci\u00f3n de archivos<\/strong><\/h3>\n<p>Los sitios web cuyo prop\u00f3sito es la distribuci\u00f3n de archivos (galer\u00edas de fotos, MP3, librer\u00edas de programas para bajar, etc.) ser\u00e1n considerados caso por caso. Un sitio se podr\u00e1 considerar as\u00ed, cuando m\u00e1s del 20% de su contenido, est\u00e9 dedicado a archivos para distribuci\u00f3n.<br \/>Aynisoft se reserva el derecho a denegar o cancelar los servicios contratados por el usuario si su sitio o sitios son considerados dentro de esta categor\u00eda.<br \/>Queda terminantemente prohibido el uso del servicio para la instalaci\u00f3n de un nodo de bitorrent.<\/p>\n<h3><strong>Correo no deseado (SPAM)<\/strong><\/h3>\n<p>Queda expresamente prohibido todo tipo de env\u00edos masivos de e-mails no solicitados y\/o que afecten derechos de terceros. Cualquier usuario que incurriera en actos de este tipo, ser\u00e1 inmediatamente suspendido, perdiendo el usuario todo derecho de reclamar a la empresa por dicha acci\u00f3n. La aceptaci\u00f3n de estos t\u00e9rminos y condiciones, compromete al usuario al cumplimiento de la pol\u00edtica Anti-Spam de Aynisoft. En caso del no cumplimiento de la misma, hace responsable al usuario, de los da\u00f1os y perjuicios ocasionados y autoriza a Aynisoft a compartir cualquier informaci\u00f3n con las autoridades legales que lo requieran.<\/p>\n<h3><strong>P\u00e9rdida de datos<\/strong><\/h3>\n<p>Aynisoft no se hace responsable por la p\u00e9rdida de datos en el servidor causada por usuarios, fallos en nuestro sistema o actualizaciones en nuestros servidores. Es responsabilidad del usuario el mantener una copia de seguridad (backup) del sitio. As\u00ed tambi\u00e9n es responsabilidad del usuario mantener bajo resguardo los mails del sistema webmail y las claves de acceso al sitio y dem\u00e1s sistemas instalados en su cuenta.<\/p>\n<h3><strong>Envio de emails<\/strong><\/h3>\n<p>Aynisoft no se hace responsable por posible filtraci\u00f3n o bloqueo de los proveedores de email que resulten en la no llegada de sus correos.<\/p>\n<h3><strong>Alta y baja del servicio<\/strong><\/h3>\n<p>Al alta del servicio se realizar\u00e1 autom\u00e1ticamente una vez que el cliente haya realizado en pago por adelantado del servicio.<br \/>La publicaci\u00f3n de su dominio se har\u00e1 en un plazo m\u00e1ximo de 48 horas una vez se haya cancelado el servicio, este tiempo est\u00e1 en funci\u00f3n a la demora en la propagaci\u00f3n del nombre del dominio en los servidores DNS.<br \/>El pago por servicios contratados ser\u00e1 efectuado por adelantado por un per\u00edodo de 01 a\u00f1o, siendo la fecha de corte los d\u00edas 5 de cada mes.<br \/>Aynisoft se reserva el derecho de suspensi\u00f3n del servicio por falta de pago. A partir del momento de la suspensi\u00f3n Aynisoft puede determinar la eliminaci\u00f3n de toda la informaci\u00f3n alojada en el servidor por el usuario cuando lo considere oportuno sin hacerse responsable por la p\u00e9rdida del contenido incluido en la cuenta impaga, ni por las consecuencias que dicha eliminaci\u00f3n pueda traer aparejada.<\/p>\n<h3><strong>Modificaciones de los servicios prestados<\/strong><\/h3>\n<p>Aynisoft se reserva el derecho a introducir modificaciones en las caracter\u00edsticas y precios de los planes y\/o servicios ofrecidos. Toda notificaci\u00f3n que afecte a las caracter\u00edsticas t\u00e9cnicas de los servicios ofertados tendr\u00e1 lugar directamente a trav\u00e9s de nuestro sitio web (http:\/\/www.aynisoft.com).<br \/>Aunque Aynisoft se reserva el derecho de modificar el precio de los servicios en cualquier momento, los precios pactados con la contrataci\u00f3n de un servicio est\u00e1n garantizados por el per\u00edodo contratado.<br \/>Las condiciones y normas aqu\u00ed enunciadas podr\u00e1n ser modificadas por parte de Aynisoft, cuando lo considere oportuno.<\/p>\n<p><strong>AYNISOFT SAC \u00a9 2011 \u2013 2022<\/strong><\/p>\n<p>[\/et_pb_text][\/et_pb_column][\/et_pb_row][\/et_pb_section]<\/p>\n","protected":false},"excerpt":{"rendered":"<p>T\u00c9RMINOS Y CONDICIONES DEL SERVICIOLa sola contrataci\u00f3n por parte de toda persona u organizaci\u00f3n de los servicios ofrecidos por Aynisoft implica la plena aceptaci\u00f3n de las siguientes condiciones: Denegaci\u00f3n del servicio Aynisoft se reserva el derecho a denegar o cancelar los servicios contratados por el usuario con o sin notificaci\u00f3n previa si el mismo incurre [&hellip;]<\/p>\n","protected":false},"author":1,"featured_media":0,"parent":0,"menu_order":0,"comment_status":"closed","ping_status":"closed","template":"","meta":{"_et_pb_use_builder":"on","_et_pb_old_content":"<!-- wp:divi\/placeholder \/-->","_et_gb_content_width":"","_joinchat":[]},"_links":{"self":[{"href":"https:\/\/webhostperu.net\/index.php?rest_route=\/wp\/v2\/pages\/242"}],"collection":[{"href":"https:\/\/webhostperu.net\/index.php?rest_route=\/wp\/v2\/pages"}],"about":[{"href":"https:\/\/webhostperu.net\/index.php?rest_route=\/wp\/v2\/types\/page"}],"author":[{"embeddable":true,"href":"https:\/\/webhostperu.net\/index.php?rest_route=\/wp\/v2\/users\/1"}],"replies":[{"embeddable":true,"href":"https:\/\/webhostperu.net\/index.php?rest_route=%2Fwp%2Fv2%2Fcomments&post=242"}],"version-history":[{"count":3,"href":"https:\/\/webhostperu.net\/index.php?rest_route=\/wp\/v2\/pages\/242\/revisions"}],"predecessor-version":[{"id":246,"href":"https:\/\/webhostperu.net\/index.php?rest_route=\/wp\/v2\/pages\/242\/revisions\/246"}],"wp:attachment":[{"href":"https:\/\/webhostperu.net\/index.php?rest_route=%2Fwp%2Fv2%2Fmedia&parent=242"}],"curies":[{"name":"wp","href":"https:\/\/api.w.org\/{rel}","templated":true}]}}