{"id":19,"date":"2020-02-29T15:07:56","date_gmt":"2020-02-29T15:07:56","guid":{"rendered":"https:\/\/webhostperu.net\/?page_id=19"},"modified":"2020-10-22T17:03:47","modified_gmt":"2020-10-22T17:03:47","slug":"certificado-ssl","status":"publish","type":"page","link":"https:\/\/webhostperu.net\/?page_id=19","title":{"rendered":"Certificado SSL"},"content":{"rendered":"<p>[et_pb_section fb_built=\u00bb1&#8243; next_background_color=\u00bb#ffffff\u00bb _builder_version=\u00bb4.3.4&#8243; background_color=\u00bbrgba(0,0,0,0.5)\u00bb background_image=\u00bbhttps:\/\/webhostperu.net\/wp-content\/uploads\/2020\/03\/webhostperu-pages.jpg\u00bb background_blend=\u00bboverlay\u00bb bottom_divider_style=\u00bbwave\u00bb][et_pb_row _builder_version=\u00bb4.3.4&#8243;][et_pb_column type=\u00bb4_4&#8243; _builder_version=\u00bb4.3.4&#8243;][et_pb_text _builder_version=\u00bb4.3.4&#8243; header_font=\u00bbDosis|700||on|||||\u00bb header_text_align=\u00bbcenter\u00bb header_text_color=\u00bb#ffffff\u00bb header_font_size=\u00bb48px\u00bb header_line_height=\u00bb1.7em\u00bb header_text_shadow_style=\u00bbpreset1&#8243;]<\/p>\n<h1>Certificado SSL<\/h1>\n<p>[\/et_pb_text][\/et_pb_column][\/et_pb_row][\/et_pb_section][et_pb_section fb_built=\u00bb1&#8243; _builder_version=\u00bb4.3.4&#8243;][et_pb_row _builder_version=\u00bb4.3.4&#8243;][et_pb_column type=\u00bb4_4&#8243; _builder_version=\u00bb4.3.4&#8243;][et_pb_text _builder_version=\u00bb4.3.4&#8243; header_2_text_align=\u00bbcenter\u00bb header_2_text_color=\u00bb#000000&#8243; header_2_font_size=\u00bb32px\u00bb header_2_line_height=\u00bb1.7em\u00bb]<\/p>\n<div class=\"wpb_text_column wpb_content_element \">\n<div class=\"wpb_wrapper\">\n<h2>Seleccione el certificado que<strong><span>\u00a0<\/span>usted necesite<\/strong><\/h2>\n<\/div>\n<\/div>\n<p>[\/et_pb_text][\/et_pb_column][\/et_pb_row][et_pb_row _builder_version=\u00bb4.3.4&#8243;][et_pb_column type=\u00bb4_4&#8243; _builder_version=\u00bb4.3.4&#8243;][et_pb_pricing_tables _builder_version=\u00bb4.6.6&#8243; body_line_height=\u00bb1em\u00bb hover_enabled=\u00bb0&#8243; sticky_enabled=\u00bb0&#8243;][et_pb_pricing_table title=\u00bbPositive SSL\u00bb currency=\u00bbS\/ \u00bb per=\u00bbA\u00f1o\u00bb sum=\u00bb86&#8243; button_url=\u00bbhttps:\/\/www.webhostperu.net\/clientes\/cart.php?a=confproduct&#038;i=0&#8243; url_new_window=\u00bbon\u00bb button_text=\u00bbComprar ahora\u00bb bullet_color=\u00bb#e02b20&#8243; header_background_color=\u00bb#e09900&#8243; _builder_version=\u00bb4.6.6&#8243; price_text_color=\u00bb#e02b20&#8243; header_font=\u00bbDosis|700||on|||||\u00bb body_text_color=\u00bb#000000&#8243; body_line_height=\u00bb1em\u00bb price_font=\u00bbDosis|700|||||||\u00bb currency_frequency_font=\u00bb|700|||||||\u00bb currency_frequency_text_color=\u00bb#000000&#8243; custom_button=\u00bbon\u00bb button_text_color=\u00bb#ffffff\u00bb button_bg_color=\u00bb#e02b20&#8243; button_icon=\u00bb%%24%%\u00bb hover_enabled=\u00bb0&#8243; sticky_transition=\u00bbon\u00bb sticky_enabled=\u00bb0&#8243;]<\/p>\n<p>Encriptaci\u00f3n 128\/256 bits<br \/> Sello de confianza<br \/> Soporte IDN<br \/> Seguridad para tu Dominio<\/p>\n<p>[\/et_pb_pricing_table][et_pb_pricing_table featured=\u00bbon\u00bb title=\u00bbComodo SSL\u00bb currency=\u00bbS\/ \u00bb per=\u00bbA\u00f1o\u00bb sum=\u00bb198&#8243; button_url=\u00bbhttps:\/\/www.webhostperu.net\/clientes\/cart.php?a=confproduct&#038;i=4&#8243; url_new_window=\u00bbon\u00bb button_text=\u00bbComprar ahora\u00bb bullet_color=\u00bb#e02b20&#8243; header_background_color=\u00bb#e02b20&#8243; _builder_version=\u00bb4.6.6&#8243; price_text_color=\u00bb#e02b20&#8243; header_font=\u00bbDosis|700||on|||||\u00bb body_text_color=\u00bb#000000&#8243; body_line_height=\u00bb1em\u00bb price_font=\u00bbDosis|700|||||||\u00bb currency_frequency_font=\u00bb|700|||||||\u00bb currency_frequency_text_color=\u00bb#000000&#8243; custom_button=\u00bbon\u00bb button_text_color=\u00bb#ffffff\u00bb button_bg_color=\u00bb#e02b20&#8243; button_icon=\u00bb%%24%%\u00bb hover_enabled=\u00bb0&#8243; sticky_transition=\u00bbon\u00bb sticky_enabled=\u00bb0&#8243;]<\/p>\n<p>Validaci\u00f3n de dominio 1<br \/> Subdominio SHA2 y ECC 128\/256 bits Cifrado<br \/> Logotipo de confianza admitido<br \/> Emitido en 2 d\u00edas<br \/> Reedici\u00f3n gratuita<br \/> Garant\u00eda de $ 250,000<br \/> <strong>S\/ 100.00 Coste de Instalaci\u00f3n<\/strong><\/p>\n<p>[\/et_pb_pricing_table][et_pb_pricing_table title=\u00bbGeoTrust True BusinessID\u00bb currency=\u00bbS\/ \u00bb per=\u00bbA\u00f1o\u00bb sum=\u00bb319.35&#8243; button_url=\u00bbhttps:\/\/www.webhostperu.net\/clientes\/store\/order?pid=44&#8243; url_new_window=\u00bbon\u00bb button_text=\u00bbComprar ahora\u00bb bullet_color=\u00bb#e02b20&#8243; header_background_color=\u00bb#e09900&#8243; _builder_version=\u00bb4.6.6&#8243; price_text_color=\u00bb#e02b20&#8243; header_font=\u00bbDosis|700||on|||||\u00bb body_text_color=\u00bb#000000&#8243; body_line_height=\u00bb1em\u00bb price_font=\u00bbDosis|700|||||||\u00bb currency_frequency_font=\u00bb|700|||||||\u00bb currency_frequency_text_color=\u00bb#000000&#8243; custom_button=\u00bbon\u00bb button_text_color=\u00bb#ffffff\u00bb button_bg_color=\u00bb#e02b20&#8243; button_icon=\u00bb%%24%%\u00bb hover_enabled=\u00bb0&#8243; sticky_transition=\u00bbon\u00bb sticky_enabled=\u00bb0&#8243;]<\/p>\n<p>SSL de clase empresarial, solo que mejor.<br \/> Cuando se trata de seleccionar la seguridad SSL para su negocio, tiene muchas opciones.<br \/> Con GeoTrust, la decisi\u00f3n es f\u00e1cil.<br \/> Los certificados SSL GeoTrust\u00ae True BusinessID le permiten a sus clientes saber que su sitio es confiable y que usted toma su seguridad lo suficientemente en serio como para obtener su certificado de una autoridad de certificaci\u00f3n de confianza global.<\/p>\n<p>[\/et_pb_pricing_table][\/et_pb_pricing_tables][\/et_pb_column][\/et_pb_row][et_pb_row _builder_version=\u00bb4.3.4&#8243;][et_pb_column type=\u00bb4_4&#8243; _builder_version=\u00bb4.3.4&#8243;][et_pb_text _builder_version=\u00bb4.3.4&#8243; header_2_text_align=\u00bbcenter\u00bb header_2_text_color=\u00bb#000000&#8243; header_2_font_size=\u00bb32px\u00bb header_2_line_height=\u00bb1.7em\u00bb]<\/p>\n<div class=\"wpb_text_column wpb_content_element \">\n<div class=\"wpb_wrapper\">\n<h2>Todos nuestros productos <strong>son destacados<\/strong><\/h2>\n<\/div>\n<\/div>\n<p>[\/et_pb_text][\/et_pb_column][\/et_pb_row][et_pb_row _builder_version=\u00bb4.3.4&#8243;][et_pb_column type=\u00bb4_4&#8243; _builder_version=\u00bb4.3.4&#8243;][et_pb_pricing_tables _builder_version=\u00bb4.6.6&#8243; body_line_height=\u00bb1em\u00bb hover_enabled=\u00bb0&#8243; sticky_enabled=\u00bb0&#8243;][et_pb_pricing_table title=\u00bbPositive Wildcard SSL\u00bb currency=\u00bbS\/ \u00bb per=\u00bbA\u00f1o\u00bb sum=\u00bb330&#8243; button_url=\u00bbhttps:\/\/www.webhostperu.net\/clientes\/cart.php?a=confproduct&#038;i=1&#8243; url_new_window=\u00bbon\u00bb button_text=\u00bbComprar ahora\u00bb bullet_color=\u00bb#e02b20&#8243; header_background_color=\u00bb#e09900&#8243; _builder_version=\u00bb4.6.6&#8243; price_text_color=\u00bb#e02b20&#8243; header_font=\u00bbDosis|700||on|||||\u00bb body_text_color=\u00bb#000000&#8243; body_line_height=\u00bb1em\u00bb price_font=\u00bbDosis|700|||||||\u00bb currency_frequency_font=\u00bb|700|||||||\u00bb currency_frequency_text_color=\u00bb#000000&#8243; custom_button=\u00bbon\u00bb button_text_color=\u00bb#ffffff\u00bb button_bg_color=\u00bb#e02b20&#8243; button_icon=\u00bb%%24%%\u00bb hover_enabled=\u00bb0&#8243; sticky_transition=\u00bbon\u00bb sticky_enabled=\u00bb0&#8243;]<\/p>\n<p>Encriptaci\u00f3n 128\/256 bits<br \/> Sello de confianza<br \/> Soporte IDN<br \/> Seguridad para tu Dominio<\/p>\n<p>[\/et_pb_pricing_table][et_pb_pricing_table featured=\u00bbon\u00bb title=\u00bbRapidSSL Wildcard\u00bb currency=\u00bbS\/ \u00bb per=\u00bbA\u00f1o\u00bb sum=\u00bb480.65&#8243; button_url=\u00bbhttps:\/\/www.webhostperu.net\/clientes\/store\/order?pid=42&#8243; url_new_window=\u00bbon\u00bb button_text=\u00bbComprar ahora\u00bb bullet_color=\u00bb#e02b20&#8243; header_background_color=\u00bb#e02b20&#8243; _builder_version=\u00bb4.6.6&#8243; price_text_color=\u00bb#e02b20&#8243; header_font=\u00bbDosis|700||on|||||\u00bb body_text_color=\u00bb#000000&#8243; body_line_height=\u00bb1em\u00bb price_font=\u00bbDosis|700|||||||\u00bb currency_frequency_font=\u00bb|700|||||||\u00bb currency_frequency_text_color=\u00bb#000000&#8243; custom_button=\u00bbon\u00bb button_text_color=\u00bb#ffffff\u00bb button_bg_color=\u00bb#e02b20&#8243; button_icon=\u00bb%%24%%\u00bb hover_enabled=\u00bb0&#8243; sticky_transition=\u00bbon\u00bb sticky_enabled=\u00bb0&#8243;]<\/p>\n<p>Los certificados comod\u00edn RapidSSL\u00ae lo ayudan a proteger m\u00faltiples subdominios con un certificado SSL de bajo costo emitido a * .yourdomain.com.<br \/>Proteja los datos personales de sus clientes con un cifrado de hasta 256 bits.<br \/>La validaci\u00f3n automatizada del control de dominio hace que la autenticaci\u00f3n del sitio sea muy sencilla.<br \/>En RapidSSL, creemos en proporcionar la protecci\u00f3n SSL que necesita a un precio competitivo.<\/p>\n<p>[\/et_pb_pricing_table][et_pb_pricing_table title=\u00bbGeoTrust True Business ID with EV\u00bb currency=\u00bbS\/ \u00bb per=\u00bbA\u00f1o\u00bb sum=\u00bb577.42&#8243; button_url=\u00bbhttps:\/\/www.webhostperu.net\/clientes\/store\/order?pid=45&#8243; url_new_window=\u00bbon\u00bb button_text=\u00bbComprar ahora\u00bb bullet_color=\u00bb#e02b20&#8243; header_background_color=\u00bb#e09900&#8243; _builder_version=\u00bb4.6.6&#8243; price_text_color=\u00bb#e02b20&#8243; header_font=\u00bbDosis|700||on|||||\u00bb body_text_color=\u00bb#000000&#8243; body_line_height=\u00bb1em\u00bb price_font=\u00bbDosis|700|||||||\u00bb currency_frequency_font=\u00bb|700|||||||\u00bb currency_frequency_text_color=\u00bb#000000&#8243; custom_button=\u00bbon\u00bb button_text_color=\u00bb#ffffff\u00bb button_bg_color=\u00bb#e02b20&#8243; button_icon=\u00bb%%24%%\u00bb hover_enabled=\u00bb0&#8243; sticky_transition=\u00bbon\u00bb sticky_enabled=\u00bb0&#8243;]<\/p>\n<p>Haga una fuerte declaraci\u00f3n de seguridad con la barra de direcciones verde.<br \/>GeoTrust\u00ae True BusinessID con EV (Extended Validation) es nuestro producto de seguridad SSL de clase empresarial premium, que confirma visualmente el nivel m\u00e1s alto de autenticaci\u00f3n disponible entre los certificados SSL.<br \/>La barra verde lo dice todo.<br \/>Los visitantes del sitio web realmente notan cuando la barra de direcciones se vuelve verde en sus navegadores de alta seguridad y el campo de organizaci\u00f3n comienza a rotar entre el nombre de su empresa y GeoTrust.<\/p>\n<p>[\/et_pb_pricing_table][\/et_pb_pricing_tables][\/et_pb_column][\/et_pb_row][et_pb_row _builder_version=\u00bb4.3.4&#8243;][et_pb_column type=\u00bb4_4&#8243; _builder_version=\u00bb4.3.4&#8243;][et_pb_text _builder_version=\u00bb4.3.4&#8243; header_3_text_align=\u00bbcenter\u00bb header_3_text_color=\u00bb#e02b20&#8243; header_3_font_size=\u00bb24px\u00bb header_3_line_height=\u00bb1.7em\u00bb]<\/p>\n<h3><span><strong>IMPORTANTE:<\/strong>\u00a0Los precios no incluyen IGV.<\/span><\/h3>\n<p>[\/et_pb_text][\/et_pb_column][\/et_pb_row][\/et_pb_section]<\/p>\n","protected":false},"excerpt":{"rendered":"<p>Certificado SSL Seleccione el certificado que\u00a0usted necesite Encriptaci\u00f3n 128\/256 bits Sello de confianza Soporte IDN Seguridad para tu Dominio Validaci\u00f3n de dominio 1 Subdominio SHA2 y ECC 128\/256 bits Cifrado Logotipo de confianza admitido Emitido en 2 d\u00edas Reedici\u00f3n gratuita Garant\u00eda de $ 250,000 S\/ 100.00 Coste de Instalaci\u00f3nSSL de clase empresarial, solo que mejor. [&hellip;]<\/p>\n","protected":false},"author":1,"featured_media":0,"parent":0,"menu_order":0,"comment_status":"closed","ping_status":"closed","template":"","meta":{"_et_pb_use_builder":"on","_et_pb_old_content":"<!-- wp:divi\/placeholder \/-->","_et_gb_content_width":"","_joinchat":[]},"_links":{"self":[{"href":"https:\/\/webhostperu.net\/index.php?rest_route=\/wp\/v2\/pages\/19"}],"collection":[{"href":"https:\/\/webhostperu.net\/index.php?rest_route=\/wp\/v2\/pages"}],"about":[{"href":"https:\/\/webhostperu.net\/index.php?rest_route=\/wp\/v2\/types\/page"}],"author":[{"embeddable":true,"href":"https:\/\/webhostperu.net\/index.php?rest_route=\/wp\/v2\/users\/1"}],"replies":[{"embeddable":true,"href":"https:\/\/webhostperu.net\/index.php?rest_route=%2Fwp%2Fv2%2Fcomments&post=19"}],"version-history":[{"count":5,"href":"https:\/\/webhostperu.net\/index.php?rest_route=\/wp\/v2\/pages\/19\/revisions"}],"predecessor-version":[{"id":216,"href":"https:\/\/webhostperu.net\/index.php?rest_route=\/wp\/v2\/pages\/19\/revisions\/216"}],"wp:attachment":[{"href":"https:\/\/webhostperu.net\/index.php?rest_route=%2Fwp%2Fv2%2Fmedia&parent=19"}],"curies":[{"name":"wp","href":"https:\/\/api.w.org\/{rel}","templated":true}]}}