{"id":13,"date":"2020-02-29T15:06:06","date_gmt":"2020-02-29T15:06:06","guid":{"rendered":"https:\/\/webhostperu.net\/?page_id=13"},"modified":"2020-10-22T17:32:36","modified_gmt":"2020-10-22T17:32:36","slug":"inicio","status":"publish","type":"page","link":"https:\/\/webhostperu.net\/","title":{"rendered":"Inicio"},"content":{"rendered":"<p>[et_pb_section fb_built=\u00bb1&#8243; next_background_color=\u00bb#ffffff\u00bb _builder_version=\u00bb4.3.4&#8243; background_color=\u00bbrgba(0,0,0,0.5)\u00bb background_image=\u00bbhttps:\/\/webhostperu.net\/wp-content\/uploads\/2020\/02\/DataCenter.jpg\u00bb background_blend=\u00bbcolor-dodge\u00bb custom_padding=\u00bb90px||90px||true|false\u00bb bottom_divider_style=\u00bbwave\u00bb][et_pb_row _builder_version=\u00bb4.3.4&#8243;][et_pb_column type=\u00bb4_4&#8243; _builder_version=\u00bb4.3.4&#8243;][et_pb_text _builder_version=\u00bb4.3.4&#8243; text_text_color=\u00bb#ffffff\u00bb text_font_size=\u00bb32px\u00bb text_line_height=\u00bb1em\u00bb header_font=\u00bbDosis|700||on|||||\u00bb header_text_color=\u00bb#ffffff\u00bb header_font_size=\u00bb96px\u00bb text_font_size_tablet=\u00bb\u00bb text_font_size_phone=\u00bb28px\u00bb text_font_size_last_edited=\u00bbon|phone\u00bb header_font_size_tablet=\u00bb\u00bb header_font_size_phone=\u00bb52px\u00bb header_font_size_last_edited=\u00bbon|phone\u00bb]<\/p>\n<h1>Alojamiento<br \/> web m\u00e1s r\u00e1pido<\/h1>\n<p><span>La soluci\u00f3n \u00f3ptima para sitios web r\u00e1pidos y confiables<\/span><\/p>\n<p>[\/et_pb_text][et_pb_text _builder_version=\u00bb4.4.2&#8243; text_text_color=\u00bb#ffffff\u00bb text_font_size=\u00bb32px\u00bb header_3_font=\u00bb||||||||\u00bb header_3_text_color=\u00bb#ffffff\u00bb header_3_font_size=\u00bb28px\u00bb header_3_line_height=\u00bb1.7em\u00bb text_font_size_tablet=\u00bb\u00bb text_font_size_phone=\u00bb28px\u00bb text_font_size_last_edited=\u00bbon|phone\u00bb]<\/p>\n<h3>Venta de <strong>Dominios<\/strong> y <strong>Hosting<\/strong> en <strong>Ica<\/strong> y todo el <strong>Per\u00fa<\/strong><\/h3>\n<p>[\/et_pb_text][et_pb_button button_url=\u00bb#\u00bb button_text=\u00bbEmpezar\u00bb _builder_version=\u00bb4.3.4&#8243; custom_button=\u00bbon\u00bb button_text_color=\u00bb#e02b20&#8243; button_bg_color=\u00bb#ffffff\u00bb button_border_width=\u00bb0px\u00bb button_border_radius=\u00bb12px\u00bb button_letter_spacing=\u00bb2px\u00bb button_icon_color=\u00bb#e02b20&#8243; custom_padding=\u00bb20px|40px|20px|40px|true|true\u00bb][\/et_pb_button][\/et_pb_column][\/et_pb_row][\/et_pb_section][et_pb_section fb_built=\u00bb1&#8243; _builder_version=\u00bb4.3.4&#8243;][et_pb_row _builder_version=\u00bb4.3.4&#8243;][et_pb_column type=\u00bb4_4&#8243; _builder_version=\u00bb4.3.4&#8243;][et_pb_text _builder_version=\u00bb4.3.4&#8243; text_text_color=\u00bb#000000&#8243; text_font_size=\u00bb32px\u00bb text_line_height=\u00bb1.8em\u00bb text_orientation=\u00bbcenter\u00bb text_font_size_tablet=\u00bb\u00bb text_font_size_phone=\u00bb28px\u00bb text_font_size_last_edited=\u00bbon|phone\u00bb]<\/p>\n<p><span>Encuentra tu<span>\u00a0<\/span><\/span><span style=\"color: #ff0000;\"><strong>nombre de dominio<\/strong><\/span><span><span>\u00a0<\/span>perfecto<\/span><\/p>\n<p>[\/et_pb_text][et_pb_code _builder_version=\u00bb4.3.4&#8243; text_orientation=\u00bbcenter\u00bb width_tablet=\u00bb\u00bb width_phone=\u00bb100%\u00bb width_last_edited=\u00bbon|phone\u00bb max_width_tablet=\u00bb\u00bb max_width_phone=\u00bb100%\u00bb max_width_last_edited=\u00bbon|phone\u00bb]<!DOCTYPE html><!-- [et_pb_line_break_holder] --><html lang=\"es\"><!-- [et_pb_line_break_holder] --><head><!-- [et_pb_line_break_holder] --><meta http-equiv=\"Content-Type\" content=\"text\/html; charset=utf-8\"><!-- [et_pb_line_break_holder] --><\/p>\n<style><!-- [et_pb_line_break_holder] -->.entrada{margin:8px 0 8px 0;padding:28px;font-size:1.8em;border: 14px solid #3892dd;width:80%;}<!-- [et_pb_line_break_holder] -->.botb{margin:8px 0 8px 0;padding:8px 24px 8px 24px;font-size:1.4em;background-color:#ff0000;border:0;color:#fff;}<!-- [et_pb_line_break_holder] --><\/style>\n<p><!-- [et_pb_line_break_holder] --><\/head><!-- [et_pb_line_break_holder] --><body><!-- [et_pb_line_break_holder] --><\/p>\n<form method=\"post\" action=\"https:\/\/www.webhostperu.net\/clientes\/cart.php?a=add&#038;domain=register\" ><!-- [et_pb_line_break_holder] --><input class=\"entrada\" type=\"text\" name=\"query\" size=\"50\" placeholder=\"Encuentre su dominio\" \/><!-- [et_pb_line_break_holder] --><input class=\"botb\"  type=\"submit\" value=\"Registrar\" \/><!-- [et_pb_line_break_holder] --><\/form>\n<p><!-- [et_pb_line_break_holder] --><\/body><!-- [et_pb_line_break_holder] --><\/html>[\/et_pb_code][\/et_pb_column][\/et_pb_row][\/et_pb_section][et_pb_section fb_built=\u00bb1&#8243; _builder_version=\u00bb4.3.4&#8243; background_color=\u00bb#f3f3f3&#8243;][et_pb_row _builder_version=\u00bb4.3.4&#8243;][et_pb_column type=\u00bb4_4&#8243; _builder_version=\u00bb4.3.4&#8243;][et_pb_text _builder_version=\u00bb4.3.4&#8243; text_text_color=\u00bb#000000&#8243; text_font_size=\u00bb32px\u00bb text_line_height=\u00bb1.8em\u00bb text_orientation=\u00bbcenter\u00bb]<\/p>\n<p>\u00bfPor qu\u00e9 WebhostPer\u00fa.Net?<br \/> <span style=\"color: #ff0000;\"><strong>Somos el # 1 en alojamiento web confiable<\/strong><\/span><\/p>\n<p>[\/et_pb_text][\/et_pb_column][\/et_pb_row][et_pb_row column_structure=\u00bb1_3,1_3,1_3&#8243; _builder_version=\u00bb4.3.4&#8243;][et_pb_column type=\u00bb1_3&#8243; _builder_version=\u00bb4.3.4&#8243;][et_pb_blurb title=\u00bbDe propiedad aut\u00f3noma\u00bb use_icon=\u00bbon\u00bb font_icon=\u00bb%%258%%\u00bb icon_color=\u00bb#e02b20&#8243; _builder_version=\u00bb4.3.4&#8243; text_orientation=\u00bbcenter\u00bb][\/et_pb_blurb][\/et_pb_column][et_pb_column type=\u00bb1_3&#8243; _builder_version=\u00bb4.3.4&#8243;][et_pb_blurb title=\u00bbEntusiasmo por la privacidad\u00bb use_icon=\u00bbon\u00bb font_icon=\u00bb%%230%%\u00bb icon_color=\u00bb#e02b20&#8243; _builder_version=\u00bb4.3.4&#8243; text_orientation=\u00bbcenter\u00bb][\/et_pb_blurb][\/et_pb_column][et_pb_column type=\u00bb1_3&#8243; _builder_version=\u00bb4.3.4&#8243;][et_pb_blurb title=\u00bbCompromiso de seguridad\u00bb use_icon=\u00bbon\u00bb font_icon=\u00bb%%228%%\u00bb icon_color=\u00bb#e02b20&#8243; _builder_version=\u00bb4.3.4&#8243; text_orientation=\u00bbcenter\u00bb][\/et_pb_blurb][\/et_pb_column][\/et_pb_row][et_pb_row column_structure=\u00bb1_3,1_3,1_3&#8243; _builder_version=\u00bb4.3.4&#8243;][et_pb_column type=\u00bb1_3&#8243; _builder_version=\u00bb4.3.4&#8243;][et_pb_blurb title=\u00bbSoporte 24\/7&#8243; use_icon=\u00bbon\u00bb font_icon=\u00bb%%167%%\u00bb icon_color=\u00bb#e02b20&#8243; _builder_version=\u00bb4.3.4&#8243; text_orientation=\u00bbcenter\u00bb][\/et_pb_blurb][\/et_pb_column][et_pb_column type=\u00bb1_3&#8243; _builder_version=\u00bb4.3.4&#8243;][et_pb_blurb title=\u00bb100% de tiempo de acci\u00f3n\u00bb use_icon=\u00bbon\u00bb font_icon=\u00bb%%138%%\u00bb icon_color=\u00bb#e02b20&#8243; _builder_version=\u00bb4.3.4&#8243; text_orientation=\u00bbcenter\u00bb][\/et_pb_blurb][\/et_pb_column][et_pb_column type=\u00bb1_3&#8243; _builder_version=\u00bb4.3.4&#8243;][et_pb_blurb title=\u00bbAbraza el c\u00f3digo abierto\u00bb use_icon=\u00bbon\u00bb font_icon=\u00bb%%232%%\u00bb icon_color=\u00bb#e02b20&#8243; _builder_version=\u00bb4.3.4&#8243; text_orientation=\u00bbcenter\u00bb][\/et_pb_blurb][\/et_pb_column][\/et_pb_row][\/et_pb_section][et_pb_section fb_built=\u00bb1&#8243; _builder_version=\u00bb4.3.4&#8243; background_color=\u00bbrgba(0,0,0,0.5)\u00bb background_image=\u00bbhttps:\/\/webhostperu.net\/wp-content\/uploads\/2020\/02\/bg-red.jpg\u00bb background_blend=\u00bbcolor-dodge\u00bb][et_pb_row _builder_version=\u00bb4.3.4&#8243;][et_pb_column type=\u00bb4_4&#8243; _builder_version=\u00bb4.3.4&#8243;][et_pb_text _builder_version=\u00bb4.3.4&#8243; text_text_color=\u00bb#ffffff\u00bb text_font_size=\u00bb32px\u00bb text_line_height=\u00bb1.8em\u00bb text_orientation=\u00bbcenter\u00bb]<\/p>\n<p>Conoce nuestros<br \/> <span style=\"color: #ffffff;\"><strong>Productos de alojamiento Web<\/strong><\/span><\/p>\n<p>[\/et_pb_text][\/et_pb_column][\/et_pb_row][et_pb_row column_structure=\u00bb1_3,1_3,1_3&#8243; _builder_version=\u00bb4.3.4&#8243;][et_pb_column type=\u00bb1_3&#8243; _builder_version=\u00bb4.3.4&#8243;][et_pb_pricing_tables header_background_color=\u00bb#e09900&#8243; bullet_color=\u00bb#e02b20&#8243; _builder_version=\u00bb4.6.6&#8243; currency_frequency_text_color=\u00bb#000000&#8243; price_text_color=\u00bb#e02b20&#8243; body_text_color=\u00bb#000000&#8243; header_font=\u00bbDosis|700||on|||||\u00bb body_line_height=\u00bb1em\u00bb price_font=\u00bbDosis|700|||||||\u00bb currency_frequency_font=\u00bb|700|||||||\u00bb hover_enabled=\u00bb0&#8243; sticky_enabled=\u00bb0&#8243;][et_pb_pricing_table title=\u00bbHosting Empresarial\u00bb currency=\u00bbS\/ \u00bb per=\u00bbA\u00f1o\u00bb sum=\u00bb215&#8243; button_url=\u00bbhttps:\/\/www.webhostperu.net\/clientes\/cart.php?a=add&#038;pid=10&#8243; button_text=\u00bbEmpezar\u00bb _builder_version=\u00bb4.6.6&#8243; custom_button=\u00bbon\u00bb button_text_color=\u00bb#ffffff\u00bb button_bg_color=\u00bb#e02b20&#8243; button_icon=\u00bb%%24%%\u00bb hover_enabled=\u00bb0&#8243; sticky_transition=\u00bbon\u00bb sticky_enabled=\u00bb0&#8243;]<\/p>\n<p>Espacio en Disco: <strong>2000 MB<\/strong><br \/> Transferencia mensual: <strong>40 GB<\/strong><br \/> Base de Datos MySQL: <strong>Ilimitadas<\/strong><br \/> Cuentas FTP: <strong>Ilimitadas<\/strong><br \/> Cuentas de Email: <strong>Ilimitadas<\/strong><br \/> UPTIME: <strong>99.9%<\/strong><br \/> Soporte telef\u00f3nico: <strong>24 x 7 x 365<\/strong><\/p>\n<p>[\/et_pb_pricing_table][\/et_pb_pricing_tables][\/et_pb_column][et_pb_column type=\u00bb1_3&#8243; _builder_version=\u00bb4.3.4&#8243; custom_padding=\u00bb0px||0px||false|false\u00bb][et_pb_pricing_tables _builder_version=\u00bb4.6.6&#8243; hover_enabled=\u00bb0&#8243; sticky_enabled=\u00bb0&#8243;][et_pb_pricing_table title=\u00bbVPS STANDARD\u00bb currency=\u00bbS\/ \u00bb per=\u00bbMes\u00bb sum=\u00bb240*\u00bb button_url=\u00bbhttps:\/\/www.webhostperu.net\/clientes\/cart.php?a=add&#038;pid=20&#8243; button_text=\u00bbEmpezar\u00bb bullet_color=\u00bb#e02b20&#8243; header_background_color=\u00bb#e02b20&#8243; _builder_version=\u00bb4.6.6&#8243; price_text_color=\u00bb#e02b20&#8243; header_font=\u00bb|700|||||||\u00bb body_text_color=\u00bb#000000&#8243; body_line_height=\u00bb1em\u00bb price_font=\u00bbDosis|700|||||||\u00bb currency_frequency_font=\u00bb|700|||||||\u00bb currency_frequency_text_color=\u00bb#000000&#8243; custom_button=\u00bbon\u00bb button_text_color=\u00bb#ffffff\u00bb button_bg_color=\u00bb#e02b20&#8243; hover_enabled=\u00bb0&#8243; sticky_transition=\u00bbon\u00bb sticky_enabled=\u00bb0&#8243;]<\/p>\n<p><strong>2 Core<\/strong> CPU Procesador<br \/> <strong>4 GB<\/strong> RAM garantizada<br \/> <strong>100 GB RAID-10 SSD<\/strong> Espacio de Almacenamiento<br \/> <strong>3 TB<\/strong> Ancho de Banda Premium<br \/> <strong>2 IP<\/strong> Direcciones<br \/> <strong>DirectAdmin<\/strong> o <strong>cPanel\/WHM<\/strong><br \/> <span style=\"color: #ff9900;\">* Pagando por un a\u00f1o<\/span><br \/> <strong><span style=\"color: #ff0000;\">No incluye IGV<\/span><\/strong><\/p>\n<p>[\/et_pb_pricing_table][\/et_pb_pricing_tables][\/et_pb_column][et_pb_column type=\u00bb1_3&#8243; _builder_version=\u00bb4.3.4&#8243;][et_pb_pricing_tables header_background_color=\u00bb#e09900&#8243; bullet_color=\u00bb#e02b20&#8243; _builder_version=\u00bb4.6.6&#8243; currency_frequency_text_color=\u00bb#000000&#8243; price_text_color=\u00bb#e02b20&#8243; body_text_color=\u00bb#000000&#8243; header_font=\u00bbDosis|700||on|||||\u00bb body_line_height=\u00bb1em\u00bb price_font=\u00bbDosis|700|||||||\u00bb currency_frequency_font=\u00bb|700|||||||\u00bb hover_enabled=\u00bb0&#8243; sticky_enabled=\u00bb0&#8243;][et_pb_pricing_table title=\u00bbHosting Platinum\u00bb currency=\u00bbS\/ \u00bb per=\u00bbA\u00f1o\u00bb sum=\u00bb1400&#8243; button_url=\u00bbhttps:\/\/www.webhostperu.net\/clientes\/cart.php?a=add&#038;pid=28&#8243; button_text=\u00bbEmpezar\u00bb _builder_version=\u00bb4.6.6&#8243; custom_button=\u00bbon\u00bb button_text_color=\u00bb#ffffff\u00bb button_bg_color=\u00bb#e02b20&#8243; button_icon=\u00bb%%24%%\u00bb hover_enabled=\u00bb0&#8243; sticky_transition=\u00bbon\u00bb sticky_enabled=\u00bb0&#8243;]<\/p>\n<p>Espacio en Disco: <strong>40000 MB<\/strong><br \/> Transferencia mensual: <strong>400 GB<\/strong><br \/> Base de Datos MySQL: <strong>Ilimitadas<\/strong><br \/> Cuentas FTP: <strong>Ilimitadas<\/strong><br \/> Cuentas de Email: <strong>Ilimitadas<\/strong><br \/> UPTIME: <strong>99.9%<\/strong><br \/> Soporte telef\u00f3nico: <strong>24 x 7 x 365<\/strong><\/p>\n<p>[\/et_pb_pricing_table][\/et_pb_pricing_tables][\/et_pb_column][\/et_pb_row][\/et_pb_section][et_pb_section fb_built=\u00bb1&#8243; _builder_version=\u00bb4.3.4&#8243;][et_pb_row _builder_version=\u00bb4.3.4&#8243;][et_pb_column type=\u00bb4_4&#8243; _builder_version=\u00bb4.3.4&#8243;][et_pb_text _builder_version=\u00bb4.3.4&#8243; text_font=\u00bb|700|||||||\u00bb text_text_color=\u00bb#000000&#8243; text_font_size=\u00bb36px\u00bb text_line_height=\u00bb1.8em\u00bb text_orientation=\u00bbcenter\u00bb]<\/p>\n<p>Construye el sitio web de tus sue\u00f1os hoy<\/p>\n<p>[\/et_pb_text][et_pb_button button_url=\u00bb#\u00bb button_text=\u00bbConsultar\u00bb button_alignment=\u00bbcenter\u00bb _builder_version=\u00bb4.3.4&#8243; custom_button=\u00bbon\u00bb button_text_size=\u00bb24px\u00bb button_text_color=\u00bb#ffffff\u00bb button_bg_color=\u00bb#e02b20&#8243; button_border_width=\u00bb0px\u00bb button_border_color=\u00bbrgba(0,0,0,0)\u00bb button_border_radius=\u00bb10px\u00bb button_font=\u00bb|600|||||||\u00bb button_icon=\u00bb%%24%%\u00bb custom_padding=\u00bb14px|48px|14px|48px|true|true\u00bb][\/et_pb_button][\/et_pb_column][\/et_pb_row][\/et_pb_section]<\/p>\n","protected":false},"excerpt":{"rendered":"<p>Alojamiento web m\u00e1s r\u00e1pido La soluci\u00f3n \u00f3ptima para sitios web r\u00e1pidos y confiablesVenta de Dominios y Hosting en Ica y todo el Per\u00faEncuentra tu\u00a0nombre de dominio\u00a0perfecto\u00bfPor qu\u00e9 WebhostPer\u00fa.Net? Somos el # 1 en alojamiento web confiableConoce nuestros Productos de alojamiento WebEspacio en Disco: 2000 MB Transferencia mensual: 40 GB Base de Datos MySQL: Ilimitadas Cuentas [&hellip;]<\/p>\n","protected":false},"author":1,"featured_media":0,"parent":0,"menu_order":0,"comment_status":"closed","ping_status":"closed","template":"","meta":{"_et_pb_use_builder":"on","_et_pb_old_content":"<!-- wp:divi\/placeholder \/-->","_et_gb_content_width":"","_joinchat":[]},"_links":{"self":[{"href":"https:\/\/webhostperu.net\/index.php?rest_route=\/wp\/v2\/pages\/13"}],"collection":[{"href":"https:\/\/webhostperu.net\/index.php?rest_route=\/wp\/v2\/pages"}],"about":[{"href":"https:\/\/webhostperu.net\/index.php?rest_route=\/wp\/v2\/types\/page"}],"author":[{"embeddable":true,"href":"https:\/\/webhostperu.net\/index.php?rest_route=\/wp\/v2\/users\/1"}],"replies":[{"embeddable":true,"href":"https:\/\/webhostperu.net\/index.php?rest_route=%2Fwp%2Fv2%2Fcomments&post=13"}],"version-history":[{"count":36,"href":"https:\/\/webhostperu.net\/index.php?rest_route=\/wp\/v2\/pages\/13\/revisions"}],"predecessor-version":[{"id":226,"href":"https:\/\/webhostperu.net\/index.php?rest_route=\/wp\/v2\/pages\/13\/revisions\/226"}],"wp:attachment":[{"href":"https:\/\/webhostperu.net\/index.php?rest_route=%2Fwp%2Fv2%2Fmedia&parent=13"}],"curies":[{"name":"wp","href":"https:\/\/api.w.org\/{rel}","templated":true}]}}